{"id":17653,"date":"2025-06-19T15:04:54","date_gmt":"2025-06-19T13:04:54","guid":{"rendered":"https:\/\/gissah.ma\/?post_type=product&#038;p=17653"},"modified":"2026-02-07T17:59:10","modified_gmt":"2026-02-07T16:59:10","slug":"prix-pack-summer-musk-collection-ibraq-ibrahim-al-qurashi-maroc","status":"publish","type":"product","link":"https:\/\/gissah.ma\/index.php\/produit\/prix-pack-summer-musk-collection-ibraq-ibrahim-al-qurashi-maroc\/","title":{"rendered":"SUMMER MUSK COLLECTION IBRAQ  &#8211; Ibrahim Al Qurashi Maroc"},"content":{"rendered":"\n<h2 class=\"wp-block-heading has-text-align-center has-black-color has-text-color has-link-color wp-elements-f24ecd386fef7ee2b51f4f671d8dc5b9\"><strong>SUMMER MUSK COLLECTION by IBRAQ <strong>&nbsp;(ex-Ibrahim Al Qurashi)<\/strong> <\/strong><br><strong>\ud83d\udd25 OFFRE EXCLUSIVE &#8211; LE COFFRET MUSK LE PLUS VENDU AU MAROC !<\/strong><\/h2>\n\n\n\n<p class=\"has-text-align-center has-vivid-cyan-blue-color has-text-color has-link-color wp-elements-4e26d7c06821cdc839fba8bc1c529697\"><strong>&nbsp;LE COFFRET OFFICIEL IBRAQ DISPONIBLE AU MAROC &#8211; \u00c9DITION LIMIT\u00c9E 2025<\/strong><\/p>\n\n\n\n<hr class=\"wp-block-separator has-alpha-channel-opacity\" \/>\n\n\n\n<h3 class=\"wp-block-heading\"><strong>\ud83c\udf1f POURQUOI CHOISIR LA SUMMER MUSK COLLECTION IBRAQ <strong><strong>(Ibrahim Al Qurashi)<\/strong><\/strong> ?<\/strong><\/h3>\n\n\n\n<p>\u2714&nbsp;<strong>3 Parfums Signature + 6 Mini Spray<\/strong>&nbsp;=&nbsp;<strong>9 Fragrances<\/strong>&nbsp;\u00e0 d\u00e9couvrir<br>\u2714&nbsp;<strong>Tenue Exceptionnelle<\/strong>&nbsp;&#8211; Muscs nobles qui durent&nbsp;<strong>12h+<\/strong>&nbsp;m\u00eame en \u00e9t\u00e9<br>\u2714&nbsp;<strong>Coffret Luxe<\/strong>&nbsp;&#8211; Id\u00e9al pour&nbsp;<strong>soi-m\u00eame ou en cadeau premium<\/strong><br>\u2714&nbsp;<strong>100% Authentique<\/strong>&nbsp;&#8211; Cr\u00e9ation exclusive&nbsp;<strong>Ibrahim Al Qurashi<\/strong><\/p>\n\n\n\n<hr class=\"wp-block-separator has-alpha-channel-opacity\" \/>\n\n\n\n<h3 class=\"wp-block-heading\"><strong>\ud83c\udf38 CE QUE VOUS ALLEZ ADORER :<\/strong><\/h3>\n\n\n\n<p><strong>\u2728 LES 3 STARS DU COFFRET :<\/strong> <strong>SUMMER MUSK COLLECTION by IBRAQ <strong>\u00a0(ex-Ibrahim Al Qurashi)<\/strong><\/strong><br>1\ufe0f\u20e3\u00a0<strong>KHAS MUSK<\/strong>\u00a0&#8211; Musc noble aux accents bois\u00e9s<br>2\ufe0f\u20e3\u00a0<strong>POWDER MUSK<\/strong>\u00a0&#8211; Douceur enveloppante poudr\u00e9e<br>3\ufe0f\u20e3\u00a0<strong>POMEGRANATE MUSK<\/strong>\u00a0&#8211; Fra\u00eecheur fruit\u00e9e et sensuelle<\/p>\n\n\n\n<p><strong>\ud83c\udf81 LES 6 MINI SPRAYS (10ml) :<\/strong> <strong>SUMMER MUSK COLLECTION by IBRAQ <strong>\u00a0(ex-Ibrahim Al Qurashi)<\/strong><\/strong><\/p>\n\n\n\n<p>Blueberry Musk \u2022 Sun Musk \u2022 Powdered Pomegranate Musk \u2022  Special Musk \u2022 Powder Musk \u2022 Pomegranate Musk<\/p>\n\n\n\n<p class=\"has-text-align-center has-vivid-cyan-blue-color has-text-color has-link-color wp-elements-03fe05a9fe38c3cebb56346946c147a1\"><strong>\ud83d\udd25 OFFRE EXCEPTIONNELLE &#8211; <strong>SUMMER MUSK COLLECTION IBRAQ <strong><strong>(Ibrahim Al Qurashi)<\/strong><\/strong><\/strong> au Meilleur Prix du Maroc!<\/strong><br><\/p>\n\n\n\n<p><strong>Pourquoi acheter <strong><strong>SUMMER MUSK COLLECTION IBRAQ <strong><strong>(Ibrahim Al Qurashi)<\/strong><\/strong><\/strong><\/strong> Parfum Maroc ?<\/strong><br>D\u00e9couvrez\u00a0<strong><strong><strong>SUMMER MUSK COLLECTION IBRAQ <strong><strong>(Ibrahim Al Qurashi)<\/strong><\/strong><\/strong><\/strong><\/strong>, un parfum ensoleill\u00e9 aux notes d\u2019agrumes vibrants et de vanille gourmande, disponible exclusivement chez\u00a0<strong><strong><strong> IBRAQ <strong><strong>(Ibrahim Al Qurashi)<\/strong><\/strong><\/strong><\/strong><\/strong> Maroc .<br><strong>3 Raisons de Choisir SUMMER MUSK COLLECTION IBRAQ <strong><strong>(Ibrahim Al Qurashi)<\/strong><\/strong><\/strong><br>\u2714\u00a0<strong>Authenticit\u00e9 garantie<\/strong>\u00a0\u2013 Nous proposons uniquement des parfums\u00a0<strong>originaux<\/strong>\u00a0de la collection\u00a0<strong><strong><strong><strong>IBRAQ <strong><strong>(Ibrahim Al Qurashi)<\/strong><\/strong><\/strong><\/strong><\/strong> Maroc<\/strong>.<br>\u2714\u00a0<strong>Service client r\u00e9actif<\/strong>\u00a0\u2013 Notre \u00e9quipe est disponible pour vous conseiller et r\u00e9pondre \u00e0 vos questions.<br>\u2714\u00a0<strong>Paiement s\u00e9curis\u00e9<\/strong>\u00a0\u2013 Plusieurs options de paiement pour une exp\u00e9rience d\u2019achat en toute confiance.<br><strong>Commandez d\u00e8s maintenant et plongez dans une exp\u00e9rience olfactive estivale !<\/strong><\/p>\n\n\n\n<p><strong>\ud83d\ude9a Livraison Rapide &amp; Gratuite Partout au Maroc<\/strong><br><strong>\u00c0 Casablanca<\/strong>&nbsp;: Livraison le jour m\u00eame pour les commandes pass\u00e9es avant&nbsp;<strong>19h00<\/strong>.<br><strong>Autres villes<\/strong>&nbsp;: Livraison express en&nbsp;<strong>24h \u00e0 72h<\/strong>&nbsp;selon votre localisation.<br><strong>\ud83d\udcb3 Paiement Flexible &amp; S\u00e9curis\u00e9<\/strong><br><strong>\u00c0 Casablanca<\/strong>&nbsp;: Paiement Cash \u00e0 la livraison.<br><strong>Autres villes<\/strong>&nbsp;:&nbsp;<strong>100 MAD d\u2019avance<\/strong>&nbsp;(d\u00e9duits du total \u00e0 la r\u00e9ception).<\/p>\n\n\n\n<p><strong>\u2728 Pourquoi adopter S<strong><strong>UMMER MUSK COLLECTION IBRAQ <strong><strong>(Ibrahim Al Qurashi)<\/strong><\/strong><\/strong><\/strong> ?<\/strong><br><strong>Notes fra\u00eeches<\/strong>\u00a0d\u2019agrumes et de fleur d\u2019oranger pour une touche estivale.<br><strong>Base gourmande<\/strong>\u00a0\u00e0 la vanille pour une douceur persistante.<br><strong>Unisexe<\/strong>\u00a0\u2013 Parfait pour hommes et femmes.<br><strong>Sillage \u00e9l\u00e9gant<\/strong>\u00a0\u2013 Id\u00e9al pour le quotidien ou les occasions sp\u00e9ciales.<br><strong>\ud83d\udce6 Commandez maintenant et profitez de la livraison gratuite !<\/strong><\/p>\n","protected":false},"excerpt":{"rendered":"<p><strong>Anciennement Ibrahim Al Qurashi<\/strong>\u00a0&#8211; M\u00eame excellence, nouvelle identit\u00e9 :\u00a0<strong>IBRAQ<\/strong><br \/><strong>9 Fragrances Signature<\/strong>\u00a0&#8211; 3 parfums + 6 mini sprays pour une exp\u00e9rience olfactive compl\u00e8te<br \/><strong>Muscs Nobles &amp; Tenue Exceptionnelle<\/strong>\u00a0&#8211; Jusqu&rsquo;\u00e0\u00a0<strong>15h<\/strong>\u00a0de sillage m\u00eame sous le soleil marocain<br \/><strong>Coffret Cadeau Luxe<\/strong>\u00a0&#8211; Id\u00e9al pour\u00a0<strong>offrir ou se faire plaisir<\/strong><br \/><strong>Marque<\/strong>\u00a0:\u00a0<strong>IBRAQ<\/strong> &#8211; <strong>Ibrahim Al Qurashi<\/strong>\u00a0<br \/><strong>Disponibilit\u00e9<\/strong>\u00a0: Casablanca,Maroc.<br \/><strong>Unisexe &#8211; Pour lui ET pour elle<\/strong><br \/>SKU : 6287020283659<br \/><a href=\"https:\/\/gissah.ma\/\">Ibrahim Al Qurashi Parfum Maroc l \u0639\u0637\u0648\u0631 IBRAQ Parfums \u0627\u0644\u0645\u063a\u0631\u0628<\/a><\/p>\n","protected":false},"featured_media":17657,"template":"","meta":[],"product_brand":[57,58],"product_cat":[55,59],"product_tag":[65,56,60],"class_list":{"0":"post-17653","1":"product","2":"type-product","3":"status-publish","4":"has-post-thumbnail","6":"product_brand-ibrahim-al-qurashi-maroc","7":"product_brand-ibraq-parfums-maroc","8":"product_cat-ibrahim-al-qurashi-maroc","9":"product_cat-ibraq-parfums-maroc","10":"product_tag-gissah-maroc","11":"product_tag-ibrahim-al-qurashi-maroc","12":"product_tag-ibraq-parfums-maroc","14":"first","15":"instock","16":"sale","17":"shipping-taxable","18":"purchasable","19":"product-type-simple"},"yoast_head":"<!-- This site is optimized with the Yoast SEO plugin v27.4 - https:\/\/yoast.com\/product\/yoast-seo-wordpress\/ -->\n<title>SUMMER MUSK COLLECTION IBRAQ - Ibrahim Al Qurashi Maroc - Gissah Parfum Maroc l \u0639\u0637\u0648\u0631 \u0642\u0635\u0629 \u0627\u0644\u0645\u063a\u0631\u0628 - gissah parfum maroc \u062b\u0645\u0646 \u0639\u0637\u0631 \u0642\u0635\u0629 \u0627\u0644\u0645\u063a\u0631\u0628<\/title>\n<meta name=\"robots\" content=\"index, follow, max-snippet:-1, max-image-preview:large, max-video-preview:-1\" \/>\n<link rel=\"canonical\" href=\"https:\/\/gissah.ma\/index.php\/produit\/prix-pack-summer-musk-collection-ibraq-ibrahim-al-qurashi-maroc\/\" \/>\n<meta property=\"og:locale\" content=\"fr_FR\" \/>\n<meta property=\"og:type\" content=\"article\" \/>\n<meta property=\"og:title\" content=\"SUMMER MUSK COLLECTION IBRAQ - Ibrahim Al Qurashi Maroc - Gissah Parfum Maroc l \u0639\u0637\u0648\u0631 \u0642\u0635\u0629 \u0627\u0644\u0645\u063a\u0631\u0628 - gissah parfum maroc \u062b\u0645\u0646 \u0639\u0637\u0631 \u0642\u0635\u0629 \u0627\u0644\u0645\u063a\u0631\u0628\" \/>\n<meta property=\"og:description\" content=\"Anciennement Ibrahim Al Qurashi\u00a0- M\u00eame excellence, nouvelle identit\u00e9 :\u00a0IBRAQ9 Fragrances Signature\u00a0- 3 parfums + 6 mini sprays pour une exp\u00e9rience olfactive compl\u00e8teMuscs Nobles &amp; Tenue Exceptionnelle\u00a0- Jusqu&#039;\u00e0\u00a015h\u00a0de sillage m\u00eame sous le soleil marocainCoffret Cadeau Luxe\u00a0- Id\u00e9al pour\u00a0offrir ou se faire plaisirMarque\u00a0:\u00a0IBRAQ - Ibrahim Al Qurashi\u00a0Disponibilit\u00e9\u00a0: Casablanca,Maroc.Unisexe - Pour lui ET pour elleSKU : 6287020283659Ibrahim Al Qurashi Parfum Maroc l \u0639\u0637\u0648\u0631 IBRAQ Parfums \u0627\u0644\u0645\u063a\u0631\u0628\" \/>\n<meta property=\"og:url\" content=\"https:\/\/gissah.ma\/index.php\/produit\/prix-pack-summer-musk-collection-ibraq-ibrahim-al-qurashi-maroc\/\" \/>\n<meta property=\"og:site_name\" content=\"Gissah Parfum Maroc l \u0639\u0637\u0648\u0631 \u0642\u0635\u0629 \u0627\u0644\u0645\u063a\u0631\u0628\" \/>\n<meta property=\"article:publisher\" content=\"https:\/\/www.facebook.com\/profile.php?id=61559567402759\" \/>\n<meta property=\"article:modified_time\" content=\"2026-02-07T16:59:10+00:00\" \/>\n<meta property=\"og:image\" content=\"https:\/\/gissah.ma\/wp-content\/uploads\/2025\/06\/PARIX-TAMAN-SUMMER-REEF-COLLECTION-IBRAQ-CASABLANCA-MAROC.webp\" \/>\n\t<meta property=\"og:image:width\" content=\"1000\" \/>\n\t<meta property=\"og:image:height\" content=\"1000\" \/>\n\t<meta property=\"og:image:type\" content=\"image\/webp\" \/>\n<meta name=\"twitter:card\" content=\"summary_large_image\" \/>\n<meta name=\"twitter:label1\" content=\"Dur\u00e9e de lecture estim\u00e9e\" \/>\n\t<meta name=\"twitter:data1\" content=\"2 minutes\" \/>\n<script type=\"application\/ld+json\" class=\"yoast-schema-graph\">{\"@context\":\"https:\\\/\\\/schema.org\",\"@graph\":[{\"@type\":\"WebPage\",\"@id\":\"https:\\\/\\\/gissah.ma\\\/index.php\\\/produit\\\/prix-pack-summer-musk-collection-ibraq-ibrahim-al-qurashi-maroc\\\/\",\"url\":\"https:\\\/\\\/gissah.ma\\\/index.php\\\/produit\\\/prix-pack-summer-musk-collection-ibraq-ibrahim-al-qurashi-maroc\\\/\",\"name\":\"SUMMER MUSK COLLECTION IBRAQ - Ibrahim Al Qurashi Maroc - Gissah Parfum Maroc l \u0639\u0637\u0648\u0631 \u0642\u0635\u0629 \u0627\u0644\u0645\u063a\u0631\u0628 - gissah parfum maroc \u062b\u0645\u0646 \u0639\u0637\u0631 \u0642\u0635\u0629 \u0627\u0644\u0645\u063a\u0631\u0628\",\"isPartOf\":{\"@id\":\"https:\\\/\\\/gissah.ma\\\/#website\"},\"primaryImageOfPage\":{\"@id\":\"https:\\\/\\\/gissah.ma\\\/index.php\\\/produit\\\/prix-pack-summer-musk-collection-ibraq-ibrahim-al-qurashi-maroc\\\/#primaryimage\"},\"image\":{\"@id\":\"https:\\\/\\\/gissah.ma\\\/index.php\\\/produit\\\/prix-pack-summer-musk-collection-ibraq-ibrahim-al-qurashi-maroc\\\/#primaryimage\"},\"thumbnailUrl\":\"https:\\\/\\\/gissah.ma\\\/wp-content\\\/uploads\\\/2025\\\/06\\\/PARIX-TAMAN-SUMMER-REEF-COLLECTION-IBRAQ-CASABLANCA-MAROC.webp?wsr\",\"datePublished\":\"2025-06-19T13:04:54+00:00\",\"dateModified\":\"2026-02-07T16:59:10+00:00\",\"breadcrumb\":{\"@id\":\"https:\\\/\\\/gissah.ma\\\/index.php\\\/produit\\\/prix-pack-summer-musk-collection-ibraq-ibrahim-al-qurashi-maroc\\\/#breadcrumb\"},\"inLanguage\":\"fr-FR\",\"potentialAction\":[{\"@type\":\"ReadAction\",\"target\":[\"https:\\\/\\\/gissah.ma\\\/index.php\\\/produit\\\/prix-pack-summer-musk-collection-ibraq-ibrahim-al-qurashi-maroc\\\/\"]}]},{\"@type\":\"ImageObject\",\"inLanguage\":\"fr-FR\",\"@id\":\"https:\\\/\\\/gissah.ma\\\/index.php\\\/produit\\\/prix-pack-summer-musk-collection-ibraq-ibrahim-al-qurashi-maroc\\\/#primaryimage\",\"url\":\"https:\\\/\\\/gissah.ma\\\/wp-content\\\/uploads\\\/2025\\\/06\\\/PARIX-TAMAN-SUMMER-REEF-COLLECTION-IBRAQ-CASABLANCA-MAROC.webp?wsr\",\"contentUrl\":\"https:\\\/\\\/gissah.ma\\\/wp-content\\\/uploads\\\/2025\\\/06\\\/PARIX-TAMAN-SUMMER-REEF-COLLECTION-IBRAQ-CASABLANCA-MAROC.webp?wsr\",\"width\":1000,\"height\":1000,\"caption\":\"Gissah Parfum Maroc l \u0639\u0637\u0648\u0631 \u0642\u0635\u0629 \u0627\u0644\u0645\u063a\u0631\u0628\"},{\"@type\":\"BreadcrumbList\",\"@id\":\"https:\\\/\\\/gissah.ma\\\/index.php\\\/produit\\\/prix-pack-summer-musk-collection-ibraq-ibrahim-al-qurashi-maroc\\\/#breadcrumb\",\"itemListElement\":[{\"@type\":\"ListItem\",\"position\":1,\"name\":\"Accueil\",\"item\":\"https:\\\/\\\/gissah.ma\\\/\"},{\"@type\":\"ListItem\",\"position\":2,\"name\":\"Shop\",\"item\":\"https:\\\/\\\/gissah.ma\\\/index.php\\\/shop\\\/\"},{\"@type\":\"ListItem\",\"position\":3,\"name\":\"SUMMER MUSK COLLECTION IBRAQ &#8211; Ibrahim Al Qurashi Maroc\"}]},{\"@type\":\"WebSite\",\"@id\":\"https:\\\/\\\/gissah.ma\\\/#website\",\"url\":\"https:\\\/\\\/gissah.ma\\\/\",\"name\":\"Gissah Parfum Maroc l \u0639\u0637\u0648\u0631 \u0642\u0635\u0629 \u0627\u0644\u0645\u063a\u0631\u0628\",\"description\":\"Gissah Parfum Maroc l \u0639\u0637\u0648\u0631 \u0642\u0635\u0629 \u0627\u0644\u0645\u063a\u0631\u0628\",\"publisher\":{\"@id\":\"https:\\\/\\\/gissah.ma\\\/#organization\"},\"alternateName\":\"\u0639\u0637\u0648\u0631 \u0642\u0635\u0629 \u0627\u0644\u0645\u063a\u0631\u0628\",\"potentialAction\":[{\"@type\":\"SearchAction\",\"target\":{\"@type\":\"EntryPoint\",\"urlTemplate\":\"https:\\\/\\\/gissah.ma\\\/?s={search_term_string}\"},\"query-input\":{\"@type\":\"PropertyValueSpecification\",\"valueRequired\":true,\"valueName\":\"search_term_string\"}}],\"inLanguage\":\"fr-FR\"},{\"@type\":\"Organization\",\"@id\":\"https:\\\/\\\/gissah.ma\\\/#organization\",\"name\":\"\u0639\u0637\u0631 \u0642\u0635\u0629\u0645\u063a\u0631\u0628\",\"alternateName\":\"\u0639\u0637\u0631 \u0642\u0635\u0629\u0645\u063a\u0631\u0628 Gissah maroc parfums\",\"url\":\"https:\\\/\\\/gissah.ma\\\/\",\"logo\":{\"@type\":\"ImageObject\",\"inLanguage\":\"fr-FR\",\"@id\":\"https:\\\/\\\/gissah.ma\\\/#\\\/schema\\\/logo\\\/image\\\/\",\"url\":\"https:\\\/\\\/gissah.ma\\\/wp-content\\\/uploads\\\/2024\\\/02\\\/cropped-Gissah-Collection-1-1.png?wsr\",\"contentUrl\":\"https:\\\/\\\/gissah.ma\\\/wp-content\\\/uploads\\\/2024\\\/02\\\/cropped-Gissah-Collection-1-1.png?wsr\",\"width\":498,\"height\":303,\"caption\":\"\u0639\u0637\u0631 \u0642\u0635\u0629\u0645\u063a\u0631\u0628\"},\"image\":{\"@id\":\"https:\\\/\\\/gissah.ma\\\/#\\\/schema\\\/logo\\\/image\\\/\"},\"sameAs\":[\"https:\\\/\\\/www.facebook.com\\\/profile.php?id=61559567402759\",\"https:\\\/\\\/www.tiktok.com\\\/@gissah.maroc\"]}]}<\/script>\n<!-- \/ Yoast SEO plugin. -->","yoast_head_json":{"title":"SUMMER MUSK COLLECTION IBRAQ - Ibrahim Al Qurashi Maroc - Gissah Parfum Maroc l \u0639\u0637\u0648\u0631 \u0642\u0635\u0629 \u0627\u0644\u0645\u063a\u0631\u0628 - gissah parfum maroc \u062b\u0645\u0646 \u0639\u0637\u0631 \u0642\u0635\u0629 \u0627\u0644\u0645\u063a\u0631\u0628","robots":{"index":"index","follow":"follow","max-snippet":"max-snippet:-1","max-image-preview":"max-image-preview:large","max-video-preview":"max-video-preview:-1"},"canonical":"https:\/\/gissah.ma\/index.php\/produit\/prix-pack-summer-musk-collection-ibraq-ibrahim-al-qurashi-maroc\/","og_locale":"fr_FR","og_type":"article","og_title":"SUMMER MUSK COLLECTION IBRAQ - Ibrahim Al Qurashi Maroc - Gissah Parfum Maroc l \u0639\u0637\u0648\u0631 \u0642\u0635\u0629 \u0627\u0644\u0645\u063a\u0631\u0628 - gissah parfum maroc \u062b\u0645\u0646 \u0639\u0637\u0631 \u0642\u0635\u0629 \u0627\u0644\u0645\u063a\u0631\u0628","og_description":"Anciennement Ibrahim Al Qurashi\u00a0- M\u00eame excellence, nouvelle identit\u00e9 :\u00a0IBRAQ9 Fragrances Signature\u00a0- 3 parfums + 6 mini sprays pour une exp\u00e9rience olfactive compl\u00e8teMuscs Nobles &amp; Tenue Exceptionnelle\u00a0- Jusqu'\u00e0\u00a015h\u00a0de sillage m\u00eame sous le soleil marocainCoffret Cadeau Luxe\u00a0- Id\u00e9al pour\u00a0offrir ou se faire plaisirMarque\u00a0:\u00a0IBRAQ - Ibrahim Al Qurashi\u00a0Disponibilit\u00e9\u00a0: Casablanca,Maroc.Unisexe - Pour lui ET pour elleSKU : 6287020283659Ibrahim Al Qurashi Parfum Maroc l \u0639\u0637\u0648\u0631 IBRAQ Parfums \u0627\u0644\u0645\u063a\u0631\u0628","og_url":"https:\/\/gissah.ma\/index.php\/produit\/prix-pack-summer-musk-collection-ibraq-ibrahim-al-qurashi-maroc\/","og_site_name":"Gissah Parfum Maroc l \u0639\u0637\u0648\u0631 \u0642\u0635\u0629 \u0627\u0644\u0645\u063a\u0631\u0628","article_publisher":"https:\/\/www.facebook.com\/profile.php?id=61559567402759","article_modified_time":"2026-02-07T16:59:10+00:00","og_image":[{"width":1000,"height":1000,"url":"https:\/\/gissah.ma\/wp-content\/uploads\/2025\/06\/PARIX-TAMAN-SUMMER-REEF-COLLECTION-IBRAQ-CASABLANCA-MAROC.webp","type":"image\/webp"}],"twitter_card":"summary_large_image","twitter_misc":{"Dur\u00e9e de lecture estim\u00e9e":"2 minutes"},"schema":{"@context":"https:\/\/schema.org","@graph":[{"@type":"WebPage","@id":"https:\/\/gissah.ma\/index.php\/produit\/prix-pack-summer-musk-collection-ibraq-ibrahim-al-qurashi-maroc\/","url":"https:\/\/gissah.ma\/index.php\/produit\/prix-pack-summer-musk-collection-ibraq-ibrahim-al-qurashi-maroc\/","name":"SUMMER MUSK COLLECTION IBRAQ - Ibrahim Al Qurashi Maroc - Gissah Parfum Maroc l \u0639\u0637\u0648\u0631 \u0642\u0635\u0629 \u0627\u0644\u0645\u063a\u0631\u0628 - gissah parfum maroc \u062b\u0645\u0646 \u0639\u0637\u0631 \u0642\u0635\u0629 \u0627\u0644\u0645\u063a\u0631\u0628","isPartOf":{"@id":"https:\/\/gissah.ma\/#website"},"primaryImageOfPage":{"@id":"https:\/\/gissah.ma\/index.php\/produit\/prix-pack-summer-musk-collection-ibraq-ibrahim-al-qurashi-maroc\/#primaryimage"},"image":{"@id":"https:\/\/gissah.ma\/index.php\/produit\/prix-pack-summer-musk-collection-ibraq-ibrahim-al-qurashi-maroc\/#primaryimage"},"thumbnailUrl":"https:\/\/gissah.ma\/wp-content\/uploads\/2025\/06\/PARIX-TAMAN-SUMMER-REEF-COLLECTION-IBRAQ-CASABLANCA-MAROC.webp?wsr","datePublished":"2025-06-19T13:04:54+00:00","dateModified":"2026-02-07T16:59:10+00:00","breadcrumb":{"@id":"https:\/\/gissah.ma\/index.php\/produit\/prix-pack-summer-musk-collection-ibraq-ibrahim-al-qurashi-maroc\/#breadcrumb"},"inLanguage":"fr-FR","potentialAction":[{"@type":"ReadAction","target":["https:\/\/gissah.ma\/index.php\/produit\/prix-pack-summer-musk-collection-ibraq-ibrahim-al-qurashi-maroc\/"]}]},{"@type":"ImageObject","inLanguage":"fr-FR","@id":"https:\/\/gissah.ma\/index.php\/produit\/prix-pack-summer-musk-collection-ibraq-ibrahim-al-qurashi-maroc\/#primaryimage","url":"https:\/\/gissah.ma\/wp-content\/uploads\/2025\/06\/PARIX-TAMAN-SUMMER-REEF-COLLECTION-IBRAQ-CASABLANCA-MAROC.webp?wsr","contentUrl":"https:\/\/gissah.ma\/wp-content\/uploads\/2025\/06\/PARIX-TAMAN-SUMMER-REEF-COLLECTION-IBRAQ-CASABLANCA-MAROC.webp?wsr","width":1000,"height":1000,"caption":"Gissah Parfum Maroc l \u0639\u0637\u0648\u0631 \u0642\u0635\u0629 \u0627\u0644\u0645\u063a\u0631\u0628"},{"@type":"BreadcrumbList","@id":"https:\/\/gissah.ma\/index.php\/produit\/prix-pack-summer-musk-collection-ibraq-ibrahim-al-qurashi-maroc\/#breadcrumb","itemListElement":[{"@type":"ListItem","position":1,"name":"Accueil","item":"https:\/\/gissah.ma\/"},{"@type":"ListItem","position":2,"name":"Shop","item":"https:\/\/gissah.ma\/index.php\/shop\/"},{"@type":"ListItem","position":3,"name":"SUMMER MUSK COLLECTION IBRAQ &#8211; Ibrahim Al Qurashi Maroc"}]},{"@type":"WebSite","@id":"https:\/\/gissah.ma\/#website","url":"https:\/\/gissah.ma\/","name":"Gissah Parfum Maroc l \u0639\u0637\u0648\u0631 \u0642\u0635\u0629 \u0627\u0644\u0645\u063a\u0631\u0628","description":"Gissah Parfum Maroc l \u0639\u0637\u0648\u0631 \u0642\u0635\u0629 \u0627\u0644\u0645\u063a\u0631\u0628","publisher":{"@id":"https:\/\/gissah.ma\/#organization"},"alternateName":"\u0639\u0637\u0648\u0631 \u0642\u0635\u0629 \u0627\u0644\u0645\u063a\u0631\u0628","potentialAction":[{"@type":"SearchAction","target":{"@type":"EntryPoint","urlTemplate":"https:\/\/gissah.ma\/?s={search_term_string}"},"query-input":{"@type":"PropertyValueSpecification","valueRequired":true,"valueName":"search_term_string"}}],"inLanguage":"fr-FR"},{"@type":"Organization","@id":"https:\/\/gissah.ma\/#organization","name":"\u0639\u0637\u0631 \u0642\u0635\u0629\u0645\u063a\u0631\u0628","alternateName":"\u0639\u0637\u0631 \u0642\u0635\u0629\u0645\u063a\u0631\u0628 Gissah maroc parfums","url":"https:\/\/gissah.ma\/","logo":{"@type":"ImageObject","inLanguage":"fr-FR","@id":"https:\/\/gissah.ma\/#\/schema\/logo\/image\/","url":"https:\/\/gissah.ma\/wp-content\/uploads\/2024\/02\/cropped-Gissah-Collection-1-1.png?wsr","contentUrl":"https:\/\/gissah.ma\/wp-content\/uploads\/2024\/02\/cropped-Gissah-Collection-1-1.png?wsr","width":498,"height":303,"caption":"\u0639\u0637\u0631 \u0642\u0635\u0629\u0645\u063a\u0631\u0628"},"image":{"@id":"https:\/\/gissah.ma\/#\/schema\/logo\/image\/"},"sameAs":["https:\/\/www.facebook.com\/profile.php?id=61559567402759","https:\/\/www.tiktok.com\/@gissah.maroc"]}]}},"_links":{"self":[{"href":"https:\/\/gissah.ma\/index.php\/wp-json\/wp\/v2\/product\/17653","targetHints":{"allow":["GET"]}}],"collection":[{"href":"https:\/\/gissah.ma\/index.php\/wp-json\/wp\/v2\/product"}],"about":[{"href":"https:\/\/gissah.ma\/index.php\/wp-json\/wp\/v2\/types\/product"}],"version-history":[{"count":0,"href":"https:\/\/gissah.ma\/index.php\/wp-json\/wp\/v2\/product\/17653\/revisions"}],"wp:featuredmedia":[{"embeddable":true,"href":"https:\/\/gissah.ma\/index.php\/wp-json\/wp\/v2\/media\/17657"}],"wp:attachment":[{"href":"https:\/\/gissah.ma\/index.php\/wp-json\/wp\/v2\/media?parent=17653"}],"wp:term":[{"taxonomy":"product_brand","embeddable":true,"href":"https:\/\/gissah.ma\/index.php\/wp-json\/wp\/v2\/product_brand?post=17653"},{"taxonomy":"product_cat","embeddable":true,"href":"https:\/\/gissah.ma\/index.php\/wp-json\/wp\/v2\/product_cat?post=17653"},{"taxonomy":"product_tag","embeddable":true,"href":"https:\/\/gissah.ma\/index.php\/wp-json\/wp\/v2\/product_tag?post=17653"}],"curies":[{"name":"wp","href":"https:\/\/api.w.org\/{rel}","templated":true}]}}